ivided by 421.
2
Calculate the remainder when 14709 is divided by 2099.
16
What is the remainder when 276139 is divided by 817?
810
Calculate the remainder when 7142 is divided by 2288.
278
Calculate the remainder when 14122 is divided by 188.
22
Calculate the remainder when 8067 is divided by 130.
7
What is the remainder when 748798 is divided by 800?
798
What is the remainder when 5936 is divided by 6?
2
Calculate the remainder when 10686 is divided by 10675.
11
Calculate the remainder when 43740 is divided by 31.
30
What is the remainder when 1008 is divided by 462?
84
What is the remainder when 3526 is divided by 292?
22
Calculate the remainder when 45655 is divided by 787.
9
What is the remainder when 13019 is divided by 13012?
7
Calculate the remainder when 216122 is divided by 7718.
18
What is the remainder when 161335 is divided by 60?
55
Calculate the remainder when 5030 is divided by 17.
15
What is the remainder when 7841 is divided by 412?
13
What is the remainder when 7957 is divided by 33?
4
What is the remainder when 2841 is divided by 7?
6
What is the remainder when 270636 is divided by 17?
13
What is the remainder when 14433 is divided by 234?
159
Calculate the remainder when 1210 is divided by 118.
30
Calculate the remainder when 104498 is divided by 153.
152
Calculate the remainder when 148292 is divided by 106.
104
What is the remainder when 3374 is divided by 188?
178
What is the remainder when 2587 is divided by 86?
7
What is the remainder when 7018389 is divided by 1832?
1829
Calculate the remainder when 1192508 is divided by 48.
44
Calculate the remainder when 17850 is divided by 29.
15
Calculate the remainder when 83740 is divided by 69.
43
Calculate the remainder when 48140 is divided by 299.
1
Calculate the remainder when 6356 is divided by 99.
20
Calculate the remainder when 568722 is divided by 52.
50
What is the remainder when 4259 is divided by 552?
395
What is the remainder when 49033 is divided by 3?
1
What is the remainder when 102 is divided by 36?
30
What is the remainder when 6329 is divided by 2137?
2055
Calculate the remainder when 339858 is divided by 1666.
1660
Calculate the remainder when 276915 is divided by 39557.
16
What is the remainder when 554 is divided by 220?
114
Calculate the remainder when 8418 is divided by 2433.
1119
What is the remainder when 15299 is divided by 29?
16
What is the remainder when 265007 is divided by 2265?
2
Calculate the remainder when 1556504 is divided by 518826.
26
Calculate the remainder when 7295 is divided by 334.
281
Calculate the remainder when 59038 is divided by 43.
42
What is the remainder when 57590 is divided by 2?
0
Calculate the remainder when 73870 is divided by 3685.
170
What is the remainder when 3902 is divided by 193?
42
Calculate the remainder when 4324 is divided by 720.
4
What is the remainder when 2122 is divided by 388?
182
Calculate the remainder when 12240 is divided by 6066.
108
Calculate the remainder when 61026 is divided by 1649.
13
Calculate the remainder when 1413538 is divided by 20.
18
Calculate the remainder when 23290 is divided by 198.
124
Calculate the remainder when 13588 is divided by 19.
3
Calculate the remainder when 16485 is divided by 72.
69
What is the remainder when 131720 is divided by 275?
270
Calculate the remainder when 424675 is divided by 33.
31
Calculate the remainder when 3513 is divided by 2820.
693
Calculate the remainder when 35995 is divided by 632.
603
Calculate the remainder when 384144 is divided by 14.
12
Calculate the remainder when 230389 is divided by 24.
13
What is the remainder when 8451 is divided by 283?
244
What is the remainder when 400313 is divided by 58?
55
What is the remainder when 28886 is divided by 207?
113
Calculate the remainder when 5345 is divided by 335.
320
What is the remainder when 3953 is divided by 395?
3
What is the remainder when 838 is divided by 815?
23
What is the remainder when 127662 is divided by 793?
782
Calculate the remainder when 22364 is divided by 38.
20
What is the remainder when 713 is divided by 21?
20
What is the remainder when 251811 is divided by 649?
648
What is the remainder when 2114 is divided by 414?
44
What is the remainder when 27171 is divided by 461?
433
What is the remainder when 22342 is divided by 37?
31
What is the remainder when 309393 is divided by 37?
36
Calculate the remainder when 229375 is divided by 33.
25
Calculate the remainder when 4882 is divided by 244.
2
What is the remainder when 3876248 is divided by 13?
12
Calculate the remainder when 330623 is divided by 625.
623
Calculate the remainder when 52918 is divided by 3779.
12
Calculate the remainder when 29156 is divided by 173.
92
Calculate the remainder when 984134 is divided by 139.
14
Calculate the remainder when 667 is divided by 112.
107
Calculate the remainder when 330 is divided by 161.
8
What is the remainder when 13736 is divided by 305?
11
What is the remainder when 394238 is divided by 224?
222
Calculate the remainder when 1906757 is divided by 114.
107
Calculate the remainder when 24981 is divided by 33.
0
Calculate the remainder when 22529 is divided by 115.
104
What is the remainder when 1438764 is divided by 19?
8
Calculate the remainder when 1755 is divided by 389.
199
Calculate the remainder when 386973 is divided by 1.
0
Calculate the remainder when 2401 is divided by 478.
11
What is the remainder when 16561 is divided by 12?
1
Calculate the remainder when 7120 is divided by 137.
133
What is the remainder when 1261 is divided by 318?
307
Calculate the remainder when 25938 is divided by 551.
41
What is the remainder when 17892 is divided by 610?
202
Calculate the remainder when 576360 is divided by 82333.
29
Calculate the remainder when 19171 is divided by 30.
1
What is the remainder when 13618 is divided by 6768?
82
What is the remainder when 6098 is divided by 40?
18
What is the remainder when 10258 is divided by 905?
303
Calculate the remainder when 37330 is divided by 1244.
10
What is the remainder when 62225 is divided by 243?
17
Calculate the remainder when 96254 is divided by 127.
115
What is the remainder when 4300 is divided by 24?
4
Calculate the remainder when 5543 is divided by 113.
6
What is the remainder when 69448 is divided by 479?
472
What is the remainder when 266979 is divided by 107?
14
Calculate the remainder when 19187 is divided by 47.
11
Calculate the remainder when 816 is divided by 766.
50
Calculate the remainder when 20068 is divided by 36.
16
What is the remainder when 29278 is divided by 99?
73
Calculate the remainder when 52384 is divided by 3079.
41
Calculate the remainder when 596034 is divided by 663.
660
Calculate the remainder when 2001 is divided by 37.
3
What is the remainder when 2920 is divided by 86?
82
Calculate the remainder when 6329 is divided by 1543.
157
Calculate the remainder when 12002 is divided by 1.
0
What is the remainder when 186588 is divided by 205?
38
Calculate the remainder when 3346 is divided by 987.
385
What is the remainder when 854 is divided by 153?
89
Calculate the remainder when 5765 is divided by 284.
85
Calculate the remainder when 175011 is divided by 71.
67
Calculate the remainder when 93985 is divided by 49.
3
Calculate the remainder when 4396 is divided by 907.
768
What is the remainder when 16639 is divided by 8313?
13
What is the remainder when 3379 is divided by 657?
94
What is the remainder when 841 is divided by 383?
75
Calculate the remainder when 6888 is divided by 6837.
51
What is the remainder when 408 is divided by 245?
163
What is the remainder when 707 is divided by 355?
352
What is the remainder when 4956 is divided by 2415?
126
What is the remainder when 7225 is divided by 219?
217
What is the remainder when 1996 is divided by 644?
64
What is the remainder when 45962 is divided by 754?
722
What is the remainder when 8154 is divided by 384?
90
Calculate the remainder when 20894 is divided by 10438.
18
What is the remainder when 1258 is divided by 301?
54
Calculate the remainder when 16854 is divided by 402.
372
Calculate the remainder when 24161 is divided by 187.
38
What is the remainder when 5995 is divided by 98?
17
Calculate the remainder when 4261 is divided by 22.
15
What is the 